0. Calculate the remainder when 57 is divided by o.
12
Suppose 2*v + 65 = 3*v. Calculate the remainder when v is divided by 11.
10
Suppose -7 + 38 = r. Suppose 2*w = r + 7. Calculate the remainder when 36 is divided by w.
17
Suppose -72 = 14*i - 15*i. Calculate the remainder when i is divided by 25.
22
Let r(l) = l**3 - 5*l**2 + l - 3. Let d be r(5). Suppose d*p = 5*m - 179, -4*p - 6 = 4*m - 138. Calculate the remainder when m is divided by 18.
17
Suppose 0 + 4 = 2*g + 3*u, -4*g - u - 2 = 0. Let c(l) = 7*l**2 + 1. What is the remainder when c(g) is divided by 3?
2
Let j be ((-3)/3)/(1/(-37)). Let r = 58 - j. What is the remainder when r is divided by 12?
9
Let d be (-4)/6 + (-17)/(-3). Suppose -3*x + d*x - 43 = -u, 3*x = 4*u + 37. What is the remainder when x is divided by 10?
9
What is the remainder when 3/(-3)*-59 + -2 is divided by 12?
9
Let z be 6/(-12)*-1*4. Calculate the remainder when (0 + z)*34/4 is divided by ((-9)/12 - 0)*-12.
8
Suppose 4*s = -3*v - 1, 5*s + 2*v + 1 = 5. Suppose -2*i = -4*o - 10, -5*o - 13 = -4*i + 1. Let t = i - -1. Calculate the remainder when s is divided by t.
0
Suppose -2*u + 3*u = f - 12, 5*f + u = 72. Let k = 1 - 1. Suppose -3*q + 3*p = -27, k = -5*q - 2*p - 1 + 18. What is the remainder when f is divided by q?
4
Let t(q) = 4*q - 3. Calculate the remainder when (7 + -5)/((-6)/(-99)) is divided by t(3).
6
Suppose -42 - 75 = -9*j. Calculate the remainder when j is divided by 6.
1
Suppose 2*j - 4*c - 13 = -1, 0 = -3*j - 3*c + 36. What is the remainder when j is divided by 6?
4
Let k be 79/(-9) + (-10)/45. Let g = 9 + k. Suppose 56 = 6*m - m - a, g = -m - 4*a + 28. What is the remainder when 33 is divided by m?
9
Suppose 4*r - 8 = -2*o + 6*r, 0 = -2*o - 2*r. What is the remainder when 7 is divided by o?
1
Calculate the remainder when 22 + (1 - (0 + 2)) is divided by 11.
10
Let i(w) = 6*w**2 - 5*w + 14. Calculate the remainder when i(3) is divided by 8.
5
Suppose 0 = 17*z - 12*z - 55. What is the remainder when z is divided by 4?
3
Let i = -10 + 32. What is the remainder when 43 is divided by i?
21
Let q(w) = -w**2 + 3*w + 2. Let u be q(-2). What is the remainder when (-6)/u + 202/8 is divided by 14?
12
Let j = 1 + 7. Suppose -2*q - 3*q = -30. Let i = 20 - q. Calculate the remainder when i is divided by j.
6
Suppose 0 = 3*o + 28 - 73. What is the remainder when o is divided by (-19)/(-3) + (-3)/9?
3
Let j(y) = y**3 + 10*y**2 + 10*y + 10. Let v be j(-9). Suppose 0 = -3*c - v + 34. Calculate the remainder when 20 is divided by c.
9
Let c(a) = a. Let w be c(-4). What is the remainder when 19 is divided by (w + 3)/(1/(-11))?
8
Let r(v) = v**2 + 4*v - 2. Let m = -30 - -84. Calculate the remainder when m is divided by r(-7).
16
Let d = 81 + -44. What is the remainder when d is divided by 13?
11
Let m = 23 - 16. Suppose 0*w - 120 = -3*w. Suppose 4*c + 17 = 3*b - 35, -w = -2*b + 4*c. Calculate the remainder when b is divided by m.
5
Let j = -75 - -171. What is the remainder when j is divided by 25?
21
Suppose 7*f - 10 = 2*f, -2*y - 2*f = -10. Let c(o) = -3*o + y + 4*o + o**3 - 2*o**3 + 6*o**2. What is the remainder when 26 is divided by c(6)?
8
Suppose -12*u - 196 = -16*u. Let h = -24 + u. Calculate the remainder when 72 is divided by h.
22
Let r(i) = i**2 + 6*i + 12. What is the remainder when 25 is divided by r(-5)?
4
Let x = 5 - 1. Suppose 0 = -n - 3*m - 5, -2*n - 8 = 3*n - 2*m. Let o = n + x. Calculate the remainder when o is divided by 1.
0
Let y = -333 - -471. What is the remainder when y is divided by 35?
33
Let l = 32 + -14. Let q(p) = p**2 - p + 4. What is the remainder when q(-5) is divided by l?
16
Let s(r) be the second derivative of -r**5/20 - r**4/2 - 5*r**3/6 + r**2 + r. Let h = -8 - -3. What is the remainder when s(h) is divided by 2?
0
What is the remainder when 67 is divided by (2/8)/((-540)/272 + 2)?
16
Let c(m) = -4*m + 2. Suppose -r = 3*w + 4, 2*r + 4*w = -2*r + 24. Suppose -5*n = q + r + 1, -4*q + 2*n = 4. Calculate the remainder when c(q) is divided by 6.
4
Suppose 3*j = 3*c, 3*j + 2 = -5*c + 18. Let m = 0 - j. Calculate the remainder when -1 - m - -2*17 is divided by 12.
11
Let j(h) = 23*h**2 + h - 2. What is the remainder when 63 is divided by j(1)?
19
Let r be -1 + (-2 - -75)*1. Suppose 2*w + r = 4*w. Let n = -25 - -44. What is the remainder when w is divided by n?
17
Suppose 4*z = 214 - 26. Suppose 4*c + 1 = 5, 5*h + 5*c + 35 = 0. What is the remainder when z is divided by (17 - -3)*h/(-10)?
15
Calculate the remainder when 53 is divided by 2/(-5) + 822/30.
26
Suppose -45 = -8*f + 7*f. Calculate the remainder when f is divided by 13.
6
Suppose -k + 9 = 2*k. Suppose -5*j = -4*v - 80, -k*j + 4*v + 41 = 3*v. Calculate the remainder when 22 is divided by j.
10
Suppose x - 3*t = -1, -2 + 5 = x - 2*t. What is the remainder when 20 is divided by x?
9
Suppose 4*q - 7 = 9. What is the remainder when 1 is divided by (-1 + -1 + q)/2?
0
Let a = -38 + 72. Calculate the remainder when a is divided by 9.
7
Let a(y) = -30*y - 4. Suppose -4*r + 5*r = -2. Suppose 4*i = -0*i + 76. What is the remainder when a(r) is divided by i?
18
Let d = -1 + 4. Suppose u = -u, 4*i + d*u = 80. Calculate the remainder when 39 is divided by i.
19
Let i = -9 + 24. What is the remainder when 28 is divided by i?
13
Let y = -19 + 27. Suppose 2*r = y, 3*g + 4*r + r = 32. Suppose 0*a - 136 = -g*i - 2*a, -3*a - 136 = -4*i. Calculate the remainder when i is divided by 12.
10
Suppose -52 = -5*o - k, o - 3*k + 1 = 5. Let i(p) = p**3 - 4*p**2 + 5*p - 4. Let g be i(3). What is the remainder when o is divided by 2*((g - 3) + 3)?
2
Suppose 0 = -l - 5, l + 0 + 7 = z. Suppose 7*t - 4*t + 42 = z*d, 0 = -2*d - 5*t + 10. Calculate the remainder when 58 is divided by d.
13
What is the remainder when 4 is divided by 12/7 + (-12)/(-42)?
0
Let c(x) = 10*x - 1. Let w = -8 + 24. Calculate the remainder when w is divided by c(1).
7
Let b = -4 - -17. Calculate the remainder when 36 is divided by b.
10
Let a = -76 + 111. Suppose 5*m + 0*x = 5*x + 10, 3*x + 6 = -5*m. Suppose m*d - a = -5*d. Calculate the remainder when 20 is divided by d.
6
Suppose 3*i + 0 - 6 = 0. Let h(x) = -x**3 + x + 11. Let j be h(0). Let y = 15 - j. Calculate the remainder when y is divided by i.
0
Suppose -a + 31 = 7. Suppose 0 = 2*n - 4*m + 2*m - 8, -5*n + a = -3*m. Let v(z) = -3*z - 47. What is the remainder when v(-19) is divided by n?
4
Let h = 99 + -83. What is the remainder when 78 is divided by h?
14
Suppose 3*f - 104 = -f. What is the remainder when f is divided by 2 + 1 - (-19 - -8)?
12
Suppose 2*t + 3*t - 372 = -3*q, -3*t - 3*q + 228 = 0. Suppose 5*p - 93 = t. Calculate the remainder when (-720)/(-33) - (-6)/p is divided by 12.
10
Let r(z) = 9*z - 10. Let u be r(4). Let v(i) = 5*i**2. What is the remainder when (-1 - -1) + u/2 is divided by v(-1)?
3
Let z(w) = 2*w - 10. Let h be (-1)/(8/(-7) + 1). Let c be z(h). Suppose -c*k + 65 = k. What is the remainder when 24 is divided by k?
11
Suppose 0 = 2*t + t - 6. Suppose -9 = -d - t*b, 0 = -d - 4*b + 12 - 1. Let l(x) = x**2 - 6*x + 6. Calculate the remainder when l(7) is divided by d.
6
Let b = -11 + 18. Let a(n) = n**2 - 2*n - 6. Calculate the remainder when a(b) is divided by 15.
14
Let s(f) = f - 4. Let j be s(6). Suppose -4*q = -4*h - 20, -j = 2*h - 5*q + 11. Let g(d) = -d**2 - 10*d - 3. What is the remainder when g(h) is divided by 11?
10
Suppose 0 = -3*h - 2*b + 8, 4*b + 10 = 2*b. What is the remainder when 18 is divided by h?
0
Let s(q) = -3*q - 5. Let o be s(-5). Calculate the remainder when 39 is divided by (-3 + -1)*o/(-4).
9
Let g(w) = 5*w**2 + 4*w + 2. Let t(x) = 4*x**2 + 3*x + 1. Let n(p) = 5*g(p) - 6*t(p). What is the remainder when 22 is divided by n(-4)?
10
Let q = -38 - -143. Let c = -48 + q. What is the remainder when c is divided by 15?
12
Let o(x) = 32*x - 6. Let g be o(7). Calculate the remainder when 5/10 + g/4 is divided by 19.
17
Let x be (-2 + 50/3)*3. Suppose -5*j + x + 1 = 0. Calculate the remainder when 34 is divided by j.
7
Let u(c) = c**3 - 8*c**2 - 9*c + 11. Suppose -5*s + 185 = 5*t, 0*t + 76 = 3*s - 4*t. Calculate the remainder when s is divided by u(9).
10
Let r = 95 + -68. Let v = -1 + r. Suppose -12 - 33 = -5*g. What is the remainder when v is divided by g?
8
Suppose 0 = 3*q - 6, 0 = 2*s + 3*q